{"id":1136,"date":"2022-08-17T11:49:20","date_gmt":"2022-08-17T11:49:20","guid":{"rendered":"https:\/\/www.alzheimerdeconil.es\/?page_id=1136"},"modified":"2022-08-17T13:25:01","modified_gmt":"2022-08-17T13:25:01","slug":"aviso-legal","status":"publish","type":"page","link":"https:\/\/www.alzheimerdeconil.es\/index.php\/aviso-legal\/","title":{"rendered":"Aviso legal"},"content":{"rendered":"<div class=\"fusion-fullwidth fullwidth-box fusion-builder-row-1 fusion-flex-container nonhundred-percent-fullwidth non-hundred-percent-height-scrolling\" style=\"--awb-border-radius-top-left:0px;--awb-border-radius-top-right:0px;--awb-border-radius-bottom-right:0px;--awb-border-radius-bottom-left:0px;--awb-flex-wrap:wrap;\" ><div class=\"fusion-builder-row fusion-row fusion-flex-align-items-flex-start fusion-flex-content-wrap\" style=\"max-width:1216.8px;margin-left: calc(-4% \/ 2 );margin-right: calc(-4% \/ 2 );\"><div class=\"fusion-layout-column fusion_builder_column fusion-builder-column-0 fusion_builder_column_1_1 1_1 fusion-flex-column\" style=\"--awb-bg-size:cover;--awb-width-large:100%;--awb-margin-top-large:0px;--awb-spacing-right-large:1.92%;--awb-margin-bottom-large:20px;--awb-spacing-left-large:1.92%;--awb-width-medium:100%;--awb-order-medium:0;--awb-spacing-right-medium:1.92%;--awb-spacing-left-medium:1.92%;--awb-width-small:100%;--awb-order-small:0;--awb-spacing-right-small:1.92%;--awb-spacing-left-small:1.92%;\"><div class=\"fusion-column-wrapper fusion-column-has-shadow fusion-flex-justify-content-flex-start fusion-content-layout-column\"><div class=\"fusion-text fusion-text-1\"><p><strong>AVISO LEGAL<\/strong><\/p>\n<p><strong>Informaci\u00f3n general<\/strong><br \/>\nLa p\u00e1gina (www.alzheimerdeconil.es) es un dominio en Internet, que contiene un portal o p\u00e1gina Web, cuya titularidad es de ASOCIACI\u00d3N DE FAMILIARES DE ENFERMOS DE ALZHEIMER DE CONIL DE LA FRONTERA, con C.I.F. G11513223, y con domicilio social en C\/ Pleamar 1, Conil De La Frontera (C\u00e1diz).<br \/>\nLa p\u00e1gina Web tiene por objeto facilitar al interesado y clientes informaci\u00f3n relativa a las actividades y servicios de la organizaci\u00f3n.<br \/>\nCon esta p\u00e1gina Web, se pretende prestar un servicio \u00fatil, por lo que las sugerencias de los interesados son bienvenidas. Pero si no est\u00e1 de acuerdo con alguna de las condiciones contenidas en este aviso, deber\u00e1 dejar de utilizar la p\u00e1gina Web. El acceso a la misma implica la aceptaci\u00f3n de las mismas sin reservas. La utilizaci\u00f3n de determinados servicios ofrecidos en este sitio se regir\u00e1, adem\u00e1s, por las condiciones particulares previstas en cada caso, las cuales se entender\u00e1n aceptadas por el mero uso de tales servicios.<\/p>\n<p><strong>Condiciones de utilizaci\u00f3n del portal<\/strong><br \/>\nLas condiciones establecidas a continuaci\u00f3n regulan el uso permitido de la p\u00e1gina Web www.alzheimerdeconil.es.<\/p>\n<p><strong>1. Acceso.<\/strong> Los interesados pueden visitar las secciones p\u00fablicas del portal libremente.<\/p>\n<p><strong>2. Modificaciones de la p\u00e1gina e interrupciones o errores en el acceso.<\/strong> ASOCIACI\u00d3N DE FAMILIARES DE ENFERMOS DE ALZHEIMER DE CONIL DE LA FRONTERA, se reserva la facultad de efectuar, en cualquier momento y sin necesidad de previo aviso, modificaciones y actualizaciones de la informaci\u00f3n contenida en la p\u00e1gina Web, de la configuraci\u00f3n y presentaci\u00f3n de \u00e9sta y de las condiciones de acceso.<br \/>\nASOCIACI\u00d3N DE FAMILIARES DE ENFERMOS DE ALZHEIMER DE CONIL DE LA FRONTERA no es responsable de los fallos que se produzcan en las comunicaciones, no garantizando la disponibilidad y continuidad del funcionamiento del portal y de los servicios, por ello no garantiza la inexistencia de interrupciones o errores en el acceso a la p\u00e1gina Web o a su contenido. Adem\u00e1s, llevar\u00e1 a cabo, siempre que no concurran causas que lo hagan imposible o de dif\u00edcil ejecuci\u00f3n, y tan pronto tenga noticia de los errores, desconexiones o falta de actualizaci\u00f3n en los contenidos, todas aquellas labores tendentes a subsanar los errores, restablecer la comunicaci\u00f3n y actualizar los contenidos<\/p>\n<p><strong>3. Propiedad intelectual.<\/strong> Salvo indicaci\u00f3n expresa, el contenido de la p\u00e1gina Web, im\u00e1genes, textos y datos, son propiedad de ASOCIACI\u00d3N DE FAMILIARES DE ENFERMOS DE ALZHEIMER DE CONIL DE LA FRONTERA, as\u00ed mismo, es propiedad su c\u00f3digo fuente, dise\u00f1o y estructura de navegaci\u00f3n. Corresponde a ASOCIACI\u00d3N DE FAMILIARES DE ENFERMOS DE ALZHEIMER DE CONIL DE LA FRONTERA el ejercicio exclusivo de los derechos de explotaci\u00f3n de los mismos en cualquier forma, y en especial los derechos de reproducci\u00f3n, distribuci\u00f3n, comunicaci\u00f3n p\u00fablica y transformaci\u00f3n. Todo este material est\u00e1 protegido por la legislaci\u00f3n de la propiedad intelectual y su uso indebido puede ser objeto de sanciones, incluso penales.<br \/>\nLa consulta o descarga de contenidos de la p\u00e1gina o de cualquier software no implicar\u00e1 la cesi\u00f3n de ning\u00fan derecho de propiedad intelectual o industrial sobre los mismos.<br \/>\nSe autoriza la visualizaci\u00f3n, impresi\u00f3n y descarga parcial del contenido de la p\u00e1gina Web s\u00f3lo y exclusivamente si concurren las siguientes condiciones:<br \/>\nQue sea compatible con los fines de la p\u00e1gina Web.<br \/>\nQue no se realice con fines comerciales o para su distribuci\u00f3n, comunicaci\u00f3n p\u00fablica o transformaci\u00f3n.<br \/>\nQue ninguno de los contenidos de la p\u00e1gina Web sea modificado.<br \/>\nQue ning\u00fan gr\u00e1fico, icono o imagen disponible en la Web sea utilizado, copiado o distribuido separadamente del texto o del resto de im\u00e1genes que lo acompa\u00f1an.<br \/>\nQue se cite la fuente.<br \/>\nToda la informaci\u00f3n que se reciba en estas p\u00e1ginas, tal como comentarios, sugerencias o ideas, se considerar\u00e1 cedida a t\u00edtulo gratuito. No env\u00ede informaci\u00f3n que no pueda ser tratada de esta forma.<\/p>\n<p><strong>4. Seguridad.<\/strong> ASOCIACI\u00d3N DE FAMILIARES DE ENFERMOS DE ALZHEIMER DE CONIL DE LA FRONTERA consciente de los riesgos derivados de enfrentarse a los nuevos retos que supone extender sus servicios a trav\u00e9s de Internet, ha dispuesto de exigentes medidas de seguridad para reducir dichos riesgos.<br \/>\nNo obstante, no se puede garantizar la invulnerabilidad absoluta de sus sistemas de seguridad, por lo que excluye cualquier tipo de responsabilidad por da\u00f1os y perjuicios de toda naturaleza que puedan deberse a la presencia de virus u otros elementos que puedan producir alteraciones en el sistema inform\u00e1tico (software y hardware), documentos electr\u00f3nicos y ficheros del interesado o de cualquier tercero, incluyendo los que se produzcan en los servicios prestados por terceros a trav\u00e9s de este portal.<br \/>\nLos interesados quedan informados de que la utilizaci\u00f3n de los sistemas electr\u00f3nicos de transmisi\u00f3n de datos y el correo electr\u00f3nico no ofrecen garant\u00edas absolutas de seguridad. El interesado de se exonera mutuamente de cualquier responsabilidad derivada de hechos como la no recepci\u00f3n o la demora de la misma, el error o intercepci\u00f3n de las comunicaciones.<\/p>\n<p><strong>5. Contenidos y p\u00e1ginas enlazadas.<\/strong> La informaci\u00f3n contenida en esta Web, tiene car\u00e1cter meramente informativo; y, en ning\u00fan caso, constituye ning\u00fan tipo obligaci\u00f3n contractual.<br \/>\nLa funci\u00f3n de los links, o enlaces, que aparecen en esta p\u00e1gina es exclusivamente la de informar al interesado sobre la existencia de otras fuentes de informaci\u00f3n sobre la materia en Internet, donde podr\u00e1 ampliar o completar los datos ofrecidos en esta p\u00e1gina. No ser\u00e1 responsable del resultado obtenido a trav\u00e9s de dichos enlaces.<br \/>\nEn todo caso, ASOCIACI\u00d3N DE FAMILIARES DE ENFERMOS DE ALZHEIMER DE CONIL DE LA FRONTERA no asume responsabilidad alguna derivada de los contenidos enlazados desde la su p\u00e1gina Web, ni garantiza la ausencia de virus u otros elementos en los mismos que puedan producir alteraciones en el sistema inform\u00e1tico (hardware y software), en los documentos o los ficheros del interesado, excluyendo cualquier responsabilidad por los da\u00f1os de cualquier clase causados al interesado por este motivo.<br \/>\nAunque los enlaces son supervisados regularmente para que no suceda, en el caso de que cualquier interesado o un tercero, considerara que el contenido o los servicios prestados por las p\u00e1ginas enlazadas son il\u00edcitos, vulneran valores o principios constitucionales, o lesionan bienes o derechos del propio interesado o de un tercero se ruega que se comunique inmediatamente a ASOCIACI\u00d3N DE FAMILIARES DE ENFERMOS DE ALZHEIMER DE CONIL DE LA FRONTERA, con direcci\u00f3n en calle Pleamar 1, Conil De La Frontera (C\u00e1diz), dicha circunstancia y especialmente si los enlaces consisten en:<br \/>\nActividades o contenidos susceptibles de ser considerados delictivos conforme la normativa penal espa\u00f1ola.<br \/>\nActividades o contenidos que violen derechos de propiedad intelectual o industrial.<br \/>\nActividades o contenidos que pongan en peligro el orden p\u00fablico, la investigaci\u00f3n penal, la seguridad p\u00fablica y la defensa nacional.<br \/>\nActividades o contenidos que pongan en peligro la protecci\u00f3n de la salud p\u00fablica, el respeto a la dignidad de la persona, al principio de no discriminaci\u00f3n, la protecci\u00f3n de la salud y la infancia o cualquier otro valor o principio constitucional.<\/p>\n<p><strong>6. Protecci\u00f3n de datos personales.<\/strong> Los datos personales vinculados a esta Web respetan las exigencias de la legislaci\u00f3n vigente en materia de protecci\u00f3n de datos personales.<br \/>\nASOCIACI\u00d3N DE FAMILIARES DE ENFERMOS DE ALZHEIMER DE CONIL DE LA FRONTERA, tratar\u00e1 los datos de car\u00e1cter personal que se recojan a trav\u00e9s de esta Web cumpliendo con la normativa vigente sobre protecci\u00f3n de datos.<br \/>\nAs\u00ed:<br \/>\n\u2022 El tratamiento de la informaci\u00f3n es absolutamente voluntario y fruto del consentimiento del interesado.<br \/>\n\u2022 En todo caso, el tratamiento de informaci\u00f3n de car\u00e1cter personal, se encuentra protegido por las medidas de seguridad exigidas en la legislaci\u00f3n vigente.<br \/>\n\u2022 La informaci\u00f3n de car\u00e1cter personal, s\u00f3lo ser\u00e1 utilizada para la finalidad con la cual se haya recogido que ser\u00e1 la de contactar con el\/la interesado\/a en los t\u00e9rminos que se especifican en el apartado: \u201cContactar\u201d y no ser\u00e1 facilitada a terceros sin el previo consentimiento del interesado.<br \/>\n\u2022 Los datos personales facilitados a trav\u00e9s de este portal web, ser\u00e1n almacenados durante al menos 5 a\u00f1os en la base de datos del responsable del tratamiento, siempre y cuando el interesado no obtenga la consideraci\u00f3n de cliente, que en este sentido, los datos se almacenar\u00e1n durante el tiempo que se mantenga la relaci\u00f3n comercial, o bien, existan requisitos legales que obliguen al mantenimiento de la informaci\u00f3n de car\u00e1cter personal.<br \/>\n\u2022 Todas las personas de las que se realice un tratamiento de su informaci\u00f3n de car\u00e1cter personal, podr\u00e1n ejercer los derechos de acceso, rectificaci\u00f3n, supresi\u00f3n, limitaci\u00f3n del tratamiento, portabilidad y oposici\u00f3n.<br \/>\n\u2022 Salvo indicaci\u00f3n en diferente sentido, el responsable del tratamiento ser\u00e1 ASOCIACI\u00d3N DE FAMILIARES DE ENFERMOS DE ALZHEIMER DE CONIL DE LA FRONTERA con CIF: G11513223, donde el interesado podr\u00e1 dirigirse para ejercitar los derechos de acceso, rectificaci\u00f3n, supresi\u00f3n, limitaci\u00f3n del tratamiento, portabilidad y oposici\u00f3n.<br \/>\n\u2022 En todo caso, el afectado tendr\u00e1 derecho a presentar una reclamaci\u00f3n ante la Agencia Espa\u00f1ola de Protecci\u00f3n de Datos Personales, como autoridad de control.<br \/>\n\u2022 Podr\u00e1 contactar con el Delegado de Protecci\u00f3n de Datos Personales a trav\u00e9s de la entidad PROYECTOS DE INGENIER\u00cdA Y CALIDAD, S.L. en la direcci\u00f3n electr\u00f3nica:lopd@proinca.com.<\/p>\n<p><strong>7. Enlace de terceros a la Web www.alzheimerdeconil.es<\/strong> Todo enlace de terceros a la Web debe serlo a su p\u00e1gina principal, quedando expresamente prohibidos los \u201clinks profundos\u201d, el \u201cframing\u201d y cualquier otro aprovechamiento de los contenidos de la Web a favor de terceros no autorizados.<\/p>\n<p><strong>8. Responsabilidades:<\/strong> No ser\u00e1, en ning\u00fan caso, responsable, por los da\u00f1os y perjuicios de cualquier tipo derivados, directa o indirectamente, de la falta de lectura de este aviso, o del incumplimiento de las obligaciones especificadas en las condiciones establecidas en el mismo. Asimismo, de acuerdo con lo expuesto en estas condiciones, ASOCIACI\u00d3N DE FAMILIARES DE ENFERMOS DE ALZHEIMER DE CONIL DE LA FRONTERA excluye cualquier responsabilidad por los da\u00f1os y perjuicios de toda naturaleza que puedan deberse a la transmisi\u00f3n, difusi\u00f3n, almacenamiento, puesta a disposici\u00f3n, recepci\u00f3n, obtenci\u00f3n o acceso a la p\u00e1gina Web o sus contenidos.<br \/>\nNo se responsabiliza del uso indebido del portal y de sus contenidos y servicios, ni puede garantizar, aunque sea su \u00e1nimo, la certeza de sus contenidos. Igualmente no garantiza la veracidad de los contenidos publicitarios de cualquier bien, producto o servicio anunciado.<br \/>\nEl interesado responder\u00e1 de los da\u00f1os y perjuicios que una actitud negligente suya pudiera ocasionar a este portal.<\/p>\n<p><strong>9. Fuero jurisdiccional.<\/strong> ASOCIACI\u00d3N DE FAMILIARES DE ENFERMOS DE ALZHEIMER DE CONIL DE LA FRONTERA y el interesado, con renuncia expresa a cualquier otro fuero, se someten para cualquier controversia que pudiera derivarse del acceso o uso de la Web al de los Juzgados y Tribunales de la ciudad que por la relaci\u00f3n contractual de las partes corresponda.<\/p>\n<\/div><\/div><\/div><\/div><\/div>\n","protected":false},"excerpt":{"rendered":"","protected":false},"author":1,"featured_media":0,"parent":0,"menu_order":0,"comment_status":"closed","ping_status":"closed","template":"","meta":{"footnotes":""},"class_list":["post-1136","page","type-page","status-publish","hentry"],"yoast_head":"<!-- This site is optimized with the Yoast SEO plugin v25.7 - https:\/\/yoast.com\/wordpress\/plugins\/seo\/ -->\n<title>Aviso legal - A.F.A Conil<\/title>\n<meta name=\"robots\" content=\"index, follow, max-snippet:-1, max-image-preview:large, max-video-preview:-1\" \/>\n<link rel=\"canonical\" href=\"https:\/\/www.alzheimerdeconil.es\/index.php\/aviso-legal\/\" \/>\n<meta property=\"og:locale\" content=\"es_ES\" \/>\n<meta property=\"og:type\" content=\"article\" \/>\n<meta property=\"og:title\" content=\"Aviso legal - A.F.A Conil\" \/>\n<meta property=\"og:url\" content=\"https:\/\/www.alzheimerdeconil.es\/index.php\/aviso-legal\/\" \/>\n<meta property=\"og:site_name\" content=\"A.F.A Conil\" \/>\n<meta property=\"article:modified_time\" content=\"2022-08-17T13:25:01+00:00\" \/>\n<meta name=\"twitter:card\" content=\"summary_large_image\" \/>\n<meta name=\"twitter:label1\" content=\"Tiempo de lectura\" \/>\n\t<meta name=\"twitter:data1\" content=\"9 minutos\" \/>\n<script type=\"application\/ld+json\" class=\"yoast-schema-graph\">{\"@context\":\"https:\/\/schema.org\",\"@graph\":[{\"@type\":\"WebPage\",\"@id\":\"https:\/\/www.alzheimerdeconil.es\/index.php\/aviso-legal\/\",\"url\":\"https:\/\/www.alzheimerdeconil.es\/index.php\/aviso-legal\/\",\"name\":\"Aviso legal - A.F.A Conil\",\"isPartOf\":{\"@id\":\"https:\/\/www.alzheimerdeconil.es\/#website\"},\"datePublished\":\"2022-08-17T11:49:20+00:00\",\"dateModified\":\"2022-08-17T13:25:01+00:00\",\"breadcrumb\":{\"@id\":\"https:\/\/www.alzheimerdeconil.es\/index.php\/aviso-legal\/#breadcrumb\"},\"inLanguage\":\"es\",\"potentialAction\":[{\"@type\":\"ReadAction\",\"target\":[\"https:\/\/www.alzheimerdeconil.es\/index.php\/aviso-legal\/\"]}]},{\"@type\":\"BreadcrumbList\",\"@id\":\"https:\/\/www.alzheimerdeconil.es\/index.php\/aviso-legal\/#breadcrumb\",\"itemListElement\":[{\"@type\":\"ListItem\",\"position\":1,\"name\":\"Portada\",\"item\":\"https:\/\/www.alzheimerdeconil.es\/\"},{\"@type\":\"ListItem\",\"position\":2,\"name\":\"Aviso legal\"}]},{\"@type\":\"WebSite\",\"@id\":\"https:\/\/www.alzheimerdeconil.es\/#website\",\"url\":\"https:\/\/www.alzheimerdeconil.es\/\",\"name\":\"A.F.A Conil\",\"description\":\"Asociaci\u00f3n de familiares de enfermos de Alzheimer Conil\",\"potentialAction\":[{\"@type\":\"SearchAction\",\"target\":{\"@type\":\"EntryPoint\",\"urlTemplate\":\"https:\/\/www.alzheimerdeconil.es\/?s={search_term_string}\"},\"query-input\":{\"@type\":\"PropertyValueSpecification\",\"valueRequired\":true,\"valueName\":\"search_term_string\"}}],\"inLanguage\":\"es\"}]}<\/script>\n<!-- \/ Yoast SEO plugin. -->","yoast_head_json":{"title":"Aviso legal - A.F.A Conil","robots":{"index":"index","follow":"follow","max-snippet":"max-snippet:-1","max-image-preview":"max-image-preview:large","max-video-preview":"max-video-preview:-1"},"canonical":"https:\/\/www.alzheimerdeconil.es\/index.php\/aviso-legal\/","og_locale":"es_ES","og_type":"article","og_title":"Aviso legal - A.F.A Conil","og_url":"https:\/\/www.alzheimerdeconil.es\/index.php\/aviso-legal\/","og_site_name":"A.F.A Conil","article_modified_time":"2022-08-17T13:25:01+00:00","twitter_card":"summary_large_image","twitter_misc":{"Tiempo de lectura":"9 minutos"},"schema":{"@context":"https:\/\/schema.org","@graph":[{"@type":"WebPage","@id":"https:\/\/www.alzheimerdeconil.es\/index.php\/aviso-legal\/","url":"https:\/\/www.alzheimerdeconil.es\/index.php\/aviso-legal\/","name":"Aviso legal - A.F.A Conil","isPartOf":{"@id":"https:\/\/www.alzheimerdeconil.es\/#website"},"datePublished":"2022-08-17T11:49:20+00:00","dateModified":"2022-08-17T13:25:01+00:00","breadcrumb":{"@id":"https:\/\/www.alzheimerdeconil.es\/index.php\/aviso-legal\/#breadcrumb"},"inLanguage":"es","potentialAction":[{"@type":"ReadAction","target":["https:\/\/www.alzheimerdeconil.es\/index.php\/aviso-legal\/"]}]},{"@type":"BreadcrumbList","@id":"https:\/\/www.alzheimerdeconil.es\/index.php\/aviso-legal\/#breadcrumb","itemListElement":[{"@type":"ListItem","position":1,"name":"Portada","item":"https:\/\/www.alzheimerdeconil.es\/"},{"@type":"ListItem","position":2,"name":"Aviso legal"}]},{"@type":"WebSite","@id":"https:\/\/www.alzheimerdeconil.es\/#website","url":"https:\/\/www.alzheimerdeconil.es\/","name":"A.F.A Conil","description":"Asociaci\u00f3n de familiares de enfermos de Alzheimer Conil","potentialAction":[{"@type":"SearchAction","target":{"@type":"EntryPoint","urlTemplate":"https:\/\/www.alzheimerdeconil.es\/?s={search_term_string}"},"query-input":{"@type":"PropertyValueSpecification","valueRequired":true,"valueName":"search_term_string"}}],"inLanguage":"es"}]}},"_links":{"self":[{"href":"https:\/\/www.alzheimerdeconil.es\/index.php\/wp-json\/wp\/v2\/pages\/1136","targetHints":{"allow":["GET"]}}],"collection":[{"href":"https:\/\/www.alzheimerdeconil.es\/index.php\/wp-json\/wp\/v2\/pages"}],"about":[{"href":"https:\/\/www.alzheimerdeconil.es\/index.php\/wp-json\/wp\/v2\/types\/page"}],"author":[{"embeddable":true,"href":"https:\/\/www.alzheimerdeconil.es\/index.php\/wp-json\/wp\/v2\/users\/1"}],"replies":[{"embeddable":true,"href":"https:\/\/www.alzheimerdeconil.es\/index.php\/wp-json\/wp\/v2\/comments?post=1136"}],"version-history":[{"count":3,"href":"https:\/\/www.alzheimerdeconil.es\/index.php\/wp-json\/wp\/v2\/pages\/1136\/revisions"}],"predecessor-version":[{"id":1141,"href":"https:\/\/www.alzheimerdeconil.es\/index.php\/wp-json\/wp\/v2\/pages\/1136\/revisions\/1141"}],"wp:attachment":[{"href":"https:\/\/www.alzheimerdeconil.es\/index.php\/wp-json\/wp\/v2\/media?parent=1136"}],"curies":[{"name":"wp","href":"https:\/\/api.w.org\/{rel}","templated":true}]}}