{"id":1133,"date":"2022-08-17T11:39:07","date_gmt":"2022-08-17T11:39:07","guid":{"rendered":"https:\/\/www.alzheimerdeconil.es\/?page_id=1133"},"modified":"2022-08-17T13:25:49","modified_gmt":"2022-08-17T13:25:49","slug":"politica-de-cookies","status":"publish","type":"page","link":"https:\/\/www.alzheimerdeconil.es\/index.php\/politica-de-cookies\/","title":{"rendered":"Pol\u00edtica de cookies"},"content":{"rendered":"<div class=\"fusion-fullwidth fullwidth-box fusion-builder-row-1 fusion-flex-container nonhundred-percent-fullwidth non-hundred-percent-height-scrolling\" style=\"--awb-border-radius-top-left:0px;--awb-border-radius-top-right:0px;--awb-border-radius-bottom-right:0px;--awb-border-radius-bottom-left:0px;--awb-flex-wrap:wrap;\" ><div class=\"fusion-builder-row fusion-row fusion-flex-align-items-flex-start fusion-flex-content-wrap\" style=\"max-width:1216.8px;margin-left: calc(-4% \/ 2 );margin-right: calc(-4% \/ 2 );\"><div class=\"fusion-layout-column fusion_builder_column fusion-builder-column-0 fusion_builder_column_1_1 1_1 fusion-flex-column\" style=\"--awb-bg-size:cover;--awb-width-large:100%;--awb-margin-top-large:0px;--awb-spacing-right-large:1.92%;--awb-margin-bottom-large:20px;--awb-spacing-left-large:1.92%;--awb-width-medium:100%;--awb-order-medium:0;--awb-spacing-right-medium:1.92%;--awb-spacing-left-medium:1.92%;--awb-width-small:100%;--awb-order-small:0;--awb-spacing-right-small:1.92%;--awb-spacing-left-small:1.92%;\"><div class=\"fusion-column-wrapper fusion-column-has-shadow fusion-flex-justify-content-flex-start fusion-content-layout-column\"><div class=\"fusion-text fusion-text-1\"><h1>Pol\u00edtica de cookies<\/h1>\n<p>Este web utiliza &#8216;cookies&#8217; propias y de terceros para ofrecerle una mejor experiencia y servicio. Al navegar o utilizar nuestros servicios el usuario acepta el uso que hacemos de las &#8216;cookies&#8217;. Sin embargo, el usuario tiene la opci\u00f3n de impedir la generaci\u00f3n de &#8216;cookies&#8217; y la eliminaci\u00f3n de las mismas mediante la selecci\u00f3n de la correspondiente opci\u00f3n en su navegador. En caso de bloquear el uso de &#8216;cookies&#8217; en su navegador es posible que algunos servicios o funcionalidades de la p\u00e1gina web no est\u00e9n disponibles.<\/p>\n<h3>\u00bfQu\u00e9 es una cookie?<\/h3>\n<p>Una &#8216;cookie&#8217; es un peque\u00f1o fragmento de texto que los sitios web env\u00edan al navegador y que se almacenan en el terminal del usuario, el cual puede ser un ordenador personal, un tel\u00e9fono m\u00f3vil, una tableta, etc. Estos archivos permiten que el sitio web recuerde informaci\u00f3n sobre su visita, como el idioma y las opciones preferidas, lo que puede facilitar su pr\u00f3xima visita y hacer que el sitio resulte m\u00e1s \u00fatil al personalizar su contenido. Las &#8216;cookies&#8217; desempe\u00f1an un papel muy importante, al mejorar la experiencia del uso de la web.<\/p>\n<h3>\u00bfC\u00f3mo se utilizan las cookies?<\/h3>\n<p>Al navegar por este portal web el usuario est\u00e1 aceptando que se puedan instalar &#8216;cookies&#8217; en su terminal y que nos permiten conocer la siguiente informaci\u00f3n:<\/p>\n<ul>\n<li>Informaci\u00f3n estad\u00edstica del uso de la web.<\/li>\n<li>El &#8216;login&#8217; del usuario para mantener la sesi\u00f3n activa en la web.<\/li>\n<\/ul>\n<h3>Tipos de &#8216;cookies&#8217; utilizadas<\/h3>\n<p>Esta web utiliza tanto &#8216;cookies&#8217; temporales de sesi\u00f3n como &#8216;cookies&#8217; permanentes. Las &#8216;cookies&#8217; de sesi\u00f3n almacenan datos \u00fanicamente mientras el usuario accede a la web y las &#8216;cookies&#8217; permanentes almacenan los datos en el terminal para que sean accedidos y utilizados en m\u00e1s de una sesi\u00f3n.<\/p>\n<p>Seg\u00fan la finalidad para la que se traten los datos obtenidos a trav\u00e9s de las &#8216;cookies&#8217;, el web puede utilizar:<\/p>\n<p><em><strong>&#8216;Cookies&#8217; t\u00e9cnicas<\/strong><\/em><\/p>\n<p>Son aqu\u00e9llas que permiten al usuario la navegaci\u00f3n a trav\u00e9s de la p\u00e1gina web o aplicaci\u00f3n y la utilizaci\u00f3n de las diferentes opciones o servicios que en ella existen. Por ejemplo, controlar el tr\u00e1fico y la comunicaci\u00f3n de datos, identificar la sesi\u00f3n, acceder a las partes web de acceso restringido, recordar los elementos que integran un pedido, realizar la solicitud de inscripci\u00f3n o participaci\u00f3n en un evento, utilizar elementos de seguridad durante la navegaci\u00f3n y almacenar contenidos para la difusi\u00f3n de videos o sonido.<\/p>\n<p><strong><em>&#8216;Cookies&#8217; de personalizaci\u00f3n<\/em><\/strong><\/p>\n<p>Son aqu\u00e9llas que permiten al usuario acceder al servicio con algunas caracter\u00edsticas de car\u00e1cter general predefinidas en su terminal o que el propio usuario defina. Por ejemplo, el idioma, el tipo de navegador a trav\u00e9s del cual accede al servicio, el dise\u00f1o de contenidos seleccionado, geolocalizaci\u00f3n del terminal y la configuraci\u00f3n regional desde donde se accede al servicio.<\/p>\n<p><em><strong>&#8216;Cookies&#8217; de an\u00e1lisis estad\u00edstico<\/strong><\/em><\/p>\n<p>Son aqu\u00e9llas que permiten realizar el seguimiento y an\u00e1lisis del comportamiento de los usuarios en los sitios web. La informaci\u00f3n recogida mediante este tipo de &#8216;cookies&#8217; se utiliza en la medici\u00f3n de la actividad de los sitios web, aplicaci\u00f3n o plataforma y para la elaboraci\u00f3n de perfiles de navegaci\u00f3n de los usuarios de dichos sitios, con el fin de introducir mejoras en el servicio en funci\u00f3n de los datos de uso que hacen los usuarios.<\/p>\n<p><em><strong>Cookies\u00a0que se utilizan en este sitio web<\/strong><\/em><\/p>\n<p><strong>_pmpro_visit:<\/strong>\u00a0Cookie t\u00e9cnica. Utilizada para almacenar la sesi\u00f3n del tipo de suscripci\u00f3n. Caduca al finalizar sesi\u00f3n<\/p>\n<p><strong>_cfduid:<\/strong>\u00a0Cookie t\u00e9cnica. Utilizada para identificar tr\u00e1fico web de confianza. No corresponde a ning\u00fan id de usuario en la aplicaci\u00f3n web. Expira a 1 a\u00f1o<\/p>\n<p><strong>_gat.<\/strong>\u00a0Cookie anal\u00edtica de Google Analytics. Se usa para limitar el porcentaje de solicitudes. Duraci\u00f3n 1 minuto.<\/p>\n<p><strong>_ga<\/strong>: C<em>ookie anal\u00edtica\u00a0<\/em>de Google Analytics. Se usa para habilitar la funci\u00f3n de control de visitas \u00fanicas. La primera vez que un usuario entre en el sitio web a trav\u00e9s de un navegador se instalar\u00e1 esta\u00a0<em>cookie<\/em>. Cuando este usuario vuelva a entrar en la web con el mismo navegador, la\u00a0<em>cookie\u00a0<\/em>considerar\u00e1 que es el mismo usuario. Solo en el caso de que el usuario cambie de navegador, se considerar\u00e1 otro usuario. Caduca a los 2 a\u00f1os desde la \u00faltima actualizaci\u00f3n.<\/p>\n<p><strong>_gid:<\/strong>\u00a0C<em>ookie anal\u00edtica de\u00a0<\/em>Google Analytics. Se utiliza para distinguir a los usuarios. Caduca a las 24 horas.<\/p>\n<p><strong>_bgc:<\/strong>\u00a0Cookie t\u00e9cnica. Comprueba si se tiene que mostrar un pop up al usuario con el texto legal de protecci\u00f3n de datos. Caduca a las 2 horas<\/p>\n<p><strong>_bgccls:<\/strong>\u00a0Cookie t\u00e9cnica. Comprueba si el usuario ha cerrado el pop up de texto legal\/GDPR caduca a los 7 minutos<\/p>\n<p><strong>_phpsessid<\/strong>: C<em>ookie\u00a0<\/em>t\u00e9cnica y estrictamente necesaria que contiene el identificador de la sesi\u00f3n. Se elimina al cerrar el navegador.<\/p>\n<p><strong>_cdp-cookies-plugin-wp:\u00a0<\/strong>C<em>ookie\u00a0<\/em>t\u00e9cnica y estrictamente necesaria que contiene el valor de si se ha aceptado la instalaci\u00f3n de cookies. Caduca en 1 a\u00f1o desde la \u00faltima actualizaci\u00f3n.<\/p>\n<p><strong>_visited<\/strong>: Cookie para identificar al usuario y recopilar su actividad en la web Caduca en 1 a\u00f1o desde la \u00faltima actualizaci\u00f3n.<\/p>\n<p><strong>_wordpress_logged_in.<\/strong>\u00a0Cookie t\u00e9cnica. Esta cookies es necesaria para WordPress. Esta cookie recuerda si est\u00e1s autentificado en el site mientras navegas entre las p\u00e1ginas. Caduca a los 15 d\u00edas<\/p>\n<p><strong>_wfwaf-authcookie:<\/strong>\u00a0Esta cookie es establecida por el plugin de seguridad de WordPress \u201cWordfence\u201d. Se utiliza para autenticar la solicitud de inicio de sesi\u00f3n del usuario. Caduca a las 24 horas<\/p>\n<p><strong>_uint:<\/strong>\u00a0Cookie publicitaria. Se utiliza para almacenar en tags de inter\u00e9s la actividad del usuario. Caduca a los 15 d\u00edas<\/p>\n<p><strong>_wordpress_test_cookie;\u00a0<\/strong>Cookie t\u00e9cnica. Esta\u00a0<em>cookie<\/em>\u00a0se usa para que el gestor de contenidos WordPress compruebe si el navegador tiene las cookies activadas. Caduca al finalizar fin de sesi\u00f3n<\/p>\n<h3>\u00bfC\u00f3mo administrar &#8216;cookies&#8217; en el navegador y revocar consentimiento?<\/h3>\n<p>El usuario tiene la opci\u00f3n de permitir, bloquear o eliminar las &#8216;cookies&#8217; instaladas en su equipo mediante la configuraci\u00f3n de las opciones del navegador instalado en su terminal:<\/p>\n<p>Para ajustar los permisos relacionados con las &#8216;cookies&#8217; en el navegador\u00a0<strong>Google Chrome<\/strong>:<\/p>\n<ul>\n<li>Hacer clic en el men\u00fa situado en la barra de herramientas.<\/li>\n<li>Seleccionar\u00a0<strong>Configuraci\u00f3n<\/strong>.<\/li>\n<li>Hacer clic en\u00a0<strong>Mostar opciones avanzadas<\/strong>.<\/li>\n<li>En la secci\u00f3n &#8216;Privacidad&#8217; hacer clic en el bot\u00f3n\u00a0<strong>Configuraci\u00f3n de contenido<\/strong>.<\/li>\n<li>En la secci\u00f3n de &#8216;Cookies&#8217; se pueden configurar las opciones.<\/li>\n<\/ul>\n<p>Para ajustar los permisos relacionados con las &#8216;cookies&#8217; en el navegador\u00a0<strong>Mozilla Firefox<\/strong>:<\/p>\n<ul>\n<li>En la parte superior de la ventana de Firefox hacer clic en el men\u00fa\u00a0<strong>Herramientas<\/strong>.<\/li>\n<li>Seleccionar<\/li>\n<li>Seleccionar el panel\u00a0<strong>Privacidad<\/strong>.<\/li>\n<li>En la opci\u00f3n Firefox podr\u00e1 elegir\u00a0<strong>Usar una configuraci\u00f3n personalizada para el historial\u00a0<\/strong>para configurar las opciones.<\/li>\n<\/ul>\n<p>Para ajustar los permisos relacionados con las &#8216;cookies&#8217; en el navegador\u00a0<strong>Internet Explorer<\/strong>:<\/p>\n<ul>\n<li>En la parte superior de la ventana de Internet Explorer hacer clic en el men\u00fa\u00a0Herramientas.<\/li>\n<li>Seleccionar la pesta\u00f1a de\u00a0Seguridad\u00a0y utilizar la opci\u00f3n\u00a0Eliminar el historial de exploraci\u00f3n\u00a0para eliminar las &#8216;cookies&#8217;. Activar la casilla\u00a0&#8216;Cookies&#8217;\u00a0y, a continuaci\u00f3n, hacer clic en\u00a0Eliminar.<\/li>\n<li>Seleccionar la pesta\u00f1a de\u00a0Seguridad\u00a0y acceder a\u00a0Configuraci\u00f3n. Mover el control deslizante totalmente hacia arriba para bloquear todas las &#8216;cookies&#8217; o totalmente hacia abajo para permitir todas las &#8216;cookies&#8217;. Tras ello, hacer clic en\u00a0Aceptar.<\/li>\n<\/ul>\n<p>En caso de bloquear el uso de &#8216;cookies&#8217; en su navegador es posible que algunos servicios o funcionalidades de la p\u00e1gina web no est\u00e9n disponibles.<\/p>\n<p>En algunos navegadores se pueden configurar reglas espec\u00edficas para administrar &#8216;cookies&#8217; por sitio web, lo que ofrece un control m\u00e1s preciso sobre la privacidad. Esto significa que se puede inhabilitar &#8216;cookies&#8217; de todos los sitios salvo de aquellos en los que se conf\u00ede.<\/p>\n<\/div><\/div><\/div><\/div><\/div>\n","protected":false},"excerpt":{"rendered":"","protected":false},"author":1,"featured_media":0,"parent":0,"menu_order":0,"comment_status":"closed","ping_status":"closed","template":"","meta":{"footnotes":""},"class_list":["post-1133","page","type-page","status-publish","hentry"],"yoast_head":"<!-- This site is optimized with the Yoast SEO plugin v25.7 - https:\/\/yoast.com\/wordpress\/plugins\/seo\/ -->\n<title>Pol\u00edtica de cookies - A.F.A Conil<\/title>\n<meta name=\"robots\" content=\"index, follow, max-snippet:-1, max-image-preview:large, max-video-preview:-1\" \/>\n<link rel=\"canonical\" href=\"https:\/\/www.alzheimerdeconil.es\/index.php\/politica-de-cookies\/\" \/>\n<meta property=\"og:locale\" content=\"es_ES\" \/>\n<meta property=\"og:type\" content=\"article\" \/>\n<meta property=\"og:title\" content=\"Pol\u00edtica de cookies - A.F.A Conil\" \/>\n<meta property=\"og:url\" content=\"https:\/\/www.alzheimerdeconil.es\/index.php\/politica-de-cookies\/\" \/>\n<meta property=\"og:site_name\" content=\"A.F.A Conil\" \/>\n<meta property=\"article:modified_time\" content=\"2022-08-17T13:25:49+00:00\" \/>\n<meta name=\"twitter:card\" content=\"summary_large_image\" \/>\n<meta name=\"twitter:label1\" content=\"Tiempo de lectura\" \/>\n\t<meta name=\"twitter:data1\" content=\"7 minutos\" \/>\n<script type=\"application\/ld+json\" class=\"yoast-schema-graph\">{\"@context\":\"https:\/\/schema.org\",\"@graph\":[{\"@type\":\"WebPage\",\"@id\":\"https:\/\/www.alzheimerdeconil.es\/index.php\/politica-de-cookies\/\",\"url\":\"https:\/\/www.alzheimerdeconil.es\/index.php\/politica-de-cookies\/\",\"name\":\"Pol\u00edtica de cookies - A.F.A Conil\",\"isPartOf\":{\"@id\":\"https:\/\/www.alzheimerdeconil.es\/#website\"},\"datePublished\":\"2022-08-17T11:39:07+00:00\",\"dateModified\":\"2022-08-17T13:25:49+00:00\",\"breadcrumb\":{\"@id\":\"https:\/\/www.alzheimerdeconil.es\/index.php\/politica-de-cookies\/#breadcrumb\"},\"inLanguage\":\"es\",\"potentialAction\":[{\"@type\":\"ReadAction\",\"target\":[\"https:\/\/www.alzheimerdeconil.es\/index.php\/politica-de-cookies\/\"]}]},{\"@type\":\"BreadcrumbList\",\"@id\":\"https:\/\/www.alzheimerdeconil.es\/index.php\/politica-de-cookies\/#breadcrumb\",\"itemListElement\":[{\"@type\":\"ListItem\",\"position\":1,\"name\":\"Portada\",\"item\":\"https:\/\/www.alzheimerdeconil.es\/\"},{\"@type\":\"ListItem\",\"position\":2,\"name\":\"Pol\u00edtica de cookies\"}]},{\"@type\":\"WebSite\",\"@id\":\"https:\/\/www.alzheimerdeconil.es\/#website\",\"url\":\"https:\/\/www.alzheimerdeconil.es\/\",\"name\":\"A.F.A Conil\",\"description\":\"Asociaci\u00f3n de familiares de enfermos de Alzheimer Conil\",\"potentialAction\":[{\"@type\":\"SearchAction\",\"target\":{\"@type\":\"EntryPoint\",\"urlTemplate\":\"https:\/\/www.alzheimerdeconil.es\/?s={search_term_string}\"},\"query-input\":{\"@type\":\"PropertyValueSpecification\",\"valueRequired\":true,\"valueName\":\"search_term_string\"}}],\"inLanguage\":\"es\"}]}<\/script>\n<!-- \/ Yoast SEO plugin. -->","yoast_head_json":{"title":"Pol\u00edtica de cookies - A.F.A Conil","robots":{"index":"index","follow":"follow","max-snippet":"max-snippet:-1","max-image-preview":"max-image-preview:large","max-video-preview":"max-video-preview:-1"},"canonical":"https:\/\/www.alzheimerdeconil.es\/index.php\/politica-de-cookies\/","og_locale":"es_ES","og_type":"article","og_title":"Pol\u00edtica de cookies - A.F.A Conil","og_url":"https:\/\/www.alzheimerdeconil.es\/index.php\/politica-de-cookies\/","og_site_name":"A.F.A Conil","article_modified_time":"2022-08-17T13:25:49+00:00","twitter_card":"summary_large_image","twitter_misc":{"Tiempo de lectura":"7 minutos"},"schema":{"@context":"https:\/\/schema.org","@graph":[{"@type":"WebPage","@id":"https:\/\/www.alzheimerdeconil.es\/index.php\/politica-de-cookies\/","url":"https:\/\/www.alzheimerdeconil.es\/index.php\/politica-de-cookies\/","name":"Pol\u00edtica de cookies - A.F.A Conil","isPartOf":{"@id":"https:\/\/www.alzheimerdeconil.es\/#website"},"datePublished":"2022-08-17T11:39:07+00:00","dateModified":"2022-08-17T13:25:49+00:00","breadcrumb":{"@id":"https:\/\/www.alzheimerdeconil.es\/index.php\/politica-de-cookies\/#breadcrumb"},"inLanguage":"es","potentialAction":[{"@type":"ReadAction","target":["https:\/\/www.alzheimerdeconil.es\/index.php\/politica-de-cookies\/"]}]},{"@type":"BreadcrumbList","@id":"https:\/\/www.alzheimerdeconil.es\/index.php\/politica-de-cookies\/#breadcrumb","itemListElement":[{"@type":"ListItem","position":1,"name":"Portada","item":"https:\/\/www.alzheimerdeconil.es\/"},{"@type":"ListItem","position":2,"name":"Pol\u00edtica de cookies"}]},{"@type":"WebSite","@id":"https:\/\/www.alzheimerdeconil.es\/#website","url":"https:\/\/www.alzheimerdeconil.es\/","name":"A.F.A Conil","description":"Asociaci\u00f3n de familiares de enfermos de Alzheimer Conil","potentialAction":[{"@type":"SearchAction","target":{"@type":"EntryPoint","urlTemplate":"https:\/\/www.alzheimerdeconil.es\/?s={search_term_string}"},"query-input":{"@type":"PropertyValueSpecification","valueRequired":true,"valueName":"search_term_string"}}],"inLanguage":"es"}]}},"_links":{"self":[{"href":"https:\/\/www.alzheimerdeconil.es\/index.php\/wp-json\/wp\/v2\/pages\/1133","targetHints":{"allow":["GET"]}}],"collection":[{"href":"https:\/\/www.alzheimerdeconil.es\/index.php\/wp-json\/wp\/v2\/pages"}],"about":[{"href":"https:\/\/www.alzheimerdeconil.es\/index.php\/wp-json\/wp\/v2\/types\/page"}],"author":[{"embeddable":true,"href":"https:\/\/www.alzheimerdeconil.es\/index.php\/wp-json\/wp\/v2\/users\/1"}],"replies":[{"embeddable":true,"href":"https:\/\/www.alzheimerdeconil.es\/index.php\/wp-json\/wp\/v2\/comments?post=1133"}],"version-history":[{"count":4,"href":"https:\/\/www.alzheimerdeconil.es\/index.php\/wp-json\/wp\/v2\/pages\/1133\/revisions"}],"predecessor-version":[{"id":1144,"href":"https:\/\/www.alzheimerdeconil.es\/index.php\/wp-json\/wp\/v2\/pages\/1133\/revisions\/1144"}],"wp:attachment":[{"href":"https:\/\/www.alzheimerdeconil.es\/index.php\/wp-json\/wp\/v2\/media?parent=1133"}],"curies":[{"name":"wp","href":"https:\/\/api.w.org\/{rel}","templated":true}]}}