{"id":1131,"date":"2022-08-17T11:16:56","date_gmt":"2022-08-17T11:16:56","guid":{"rendered":"https:\/\/www.alzheimerdeconil.es\/?page_id=1131"},"modified":"2022-08-17T13:24:31","modified_gmt":"2022-08-17T13:24:31","slug":"politica-de-privacidad","status":"publish","type":"page","link":"https:\/\/www.alzheimerdeconil.es\/index.php\/politica-de-privacidad\/","title":{"rendered":"Pol\u00edtica de privacidad"},"content":{"rendered":"<div class=\"fusion-fullwidth fullwidth-box fusion-builder-row-1 fusion-flex-container nonhundred-percent-fullwidth non-hundred-percent-height-scrolling\" style=\"--awb-border-radius-top-left:0px;--awb-border-radius-top-right:0px;--awb-border-radius-bottom-right:0px;--awb-border-radius-bottom-left:0px;--awb-flex-wrap:wrap;\" ><div class=\"fusion-builder-row fusion-row fusion-flex-align-items-flex-start fusion-flex-content-wrap\" style=\"max-width:1216.8px;margin-left: calc(-4% \/ 2 );margin-right: calc(-4% \/ 2 );\"><div class=\"fusion-layout-column fusion_builder_column fusion-builder-column-0 fusion_builder_column_1_1 1_1 fusion-flex-column\" style=\"--awb-bg-size:cover;--awb-width-large:100%;--awb-margin-top-large:0px;--awb-spacing-right-large:1.92%;--awb-margin-bottom-large:20px;--awb-spacing-left-large:1.92%;--awb-width-medium:100%;--awb-order-medium:0;--awb-spacing-right-medium:1.92%;--awb-spacing-left-medium:1.92%;--awb-width-small:100%;--awb-order-small:0;--awb-spacing-right-small:1.92%;--awb-spacing-left-small:1.92%;\"><div class=\"fusion-column-wrapper fusion-column-has-shadow fusion-flex-justify-content-flex-start fusion-content-layout-column\"><div class=\"fusion-text fusion-text-1\"><p><strong>POL\u00cdTICA DE PRIVACIDAD<\/strong><\/p>\n<p><strong>Protecci\u00f3n de Datos<\/strong><\/p>\n<p>ASOCIACI\u00d3N DE FAMILIARES DE ENFERMOS DE ALZHEIMER DE CONIL DE LA FRONTERA adoptar\u00e1 todas las Medidas de Seguridad en relaci\u00f3n con el tratamiento realizado y los datos tratados en ellos, de acuerdo con lo previsto en la legislaci\u00f3n vigente en materia de Protecci\u00f3n de Datos de Car\u00e1cter Personal, y normas complementarias.<br \/>\nLos interesados que faciliten datos de car\u00e1cter personal consienten inequ\u00edvocamente la incorporaci\u00f3n de sus datos a los sistemas de informaci\u00f3n, de los que sea responsable ASOCIACI\u00d3N DE FAMILIARES DE ENFERMOS DE ALZHEIMER DE CONIL DE LA FRONTERA as\u00ed como el tratamiento informatizado, o no, de los mismos para que puedan ser utilizados con la finalidad para la cual han sido recabados. Cualquier otro uso necesitar\u00e1 el consentimiento inequ\u00edvoco del afectado.<br \/>\nLos interesados cuyos datos sean objeto de tratamiento podr\u00e1n ejercitar gratuitamente los derechos de acceso, rectificaci\u00f3n, supresi\u00f3n, limitaci\u00f3n del tratamiento, portabilidad y oposici\u00f3n, sin efectos retroactivos dirigiendo comunicaci\u00f3n por escrito a ASOCIACI\u00d3N DE FAMILIARES DE ENFERMOS DE ALZHEIMER DE CONIL DE LA FRONTERA<br \/>\nEn el momento de proceder a la recogida de los datos se indicar\u00e1 el car\u00e1cter voluntario u obligatorio de los datos objeto de recogida. La negativa a proporcionar los datos calificados como obligatorios supondr\u00e1 la no prestaci\u00f3n o la imposibilidad de acceder al servicio para los que eran solicitados.<br \/>\nEn el caso de que los interesados debieran facilitar su direcci\u00f3n de correo electr\u00f3nico para acceder a algunos de los servicios ofertados, podr\u00e1n manifestar que no desean recibir ning\u00fan tipo de comunicaci\u00f3n que ASOCIACI\u00d3N DE FAMILIARES DE ENFERMOS DE ALZHEIMER DE CONIL DE LA FRONTERA pudiese enviar, siempre que no est\u00e9 ligada estrictamente a la finalidad para la que se solicit\u00f3 el servicio. ASOCIACI\u00d3N DE FAMILIARES DE ENFERMOS DE ALZHEIMER DE CONIL DE LA FRONTERA pondr\u00e1 a disposici\u00f3n de los interesados que se hubiesen inscrito en alg\u00fan tipo de lista de correo dentro de este website los mecanismos adecuados para darse de baja de la misma.<\/p>\n<p><strong>Deber de informaci\u00f3n LSSI<\/strong><\/p>\n<p>En cumplimiento con lo previsto en la Ley 34\/2002, de 11 de julio, de Servicios de la Sociedad de la Informaci\u00f3n y Comercio Electr\u00f3nico, se comunican los siguientes datos:<br \/>\nASOCIACI\u00d3N DE FAMILIARES DE ENFERMOS DE ALZHEIMER DE CONIL DE LA FRONTERA<br \/>\nC.I.F.: G11513223<br \/>\nDirecci\u00f3n: C\/ Pleamar 1, Conil de la Frontera (C\u00e1diz).<br \/>\nInscrita en el registro mercantil de C\u00e1diz, tomo 2205, folio 33, hoja CA-50096, inscripci\u00f3n 1\u00aa.<br \/>\nwww.alzheimerdeconil.es<\/p>\n<\/div><\/div><\/div><\/div><\/div>\n","protected":false},"excerpt":{"rendered":"","protected":false},"author":1,"featured_media":0,"parent":0,"menu_order":0,"comment_status":"closed","ping_status":"closed","template":"","meta":{"footnotes":""},"class_list":["post-1131","page","type-page","status-publish","hentry"],"yoast_head":"<!-- This site is optimized with the Yoast SEO plugin v25.7 - https:\/\/yoast.com\/wordpress\/plugins\/seo\/ -->\n<title>Pol\u00edtica de privacidad - A.F.A Conil<\/title>\n<meta name=\"robots\" content=\"index, follow, max-snippet:-1, max-image-preview:large, max-video-preview:-1\" \/>\n<link rel=\"canonical\" href=\"https:\/\/www.alzheimerdeconil.es\/index.php\/politica-de-privacidad\/\" \/>\n<meta property=\"og:locale\" content=\"es_ES\" \/>\n<meta property=\"og:type\" content=\"article\" \/>\n<meta property=\"og:title\" content=\"Pol\u00edtica de privacidad - A.F.A Conil\" \/>\n<meta property=\"og:url\" content=\"https:\/\/www.alzheimerdeconil.es\/index.php\/politica-de-privacidad\/\" \/>\n<meta property=\"og:site_name\" content=\"A.F.A Conil\" \/>\n<meta property=\"article:modified_time\" content=\"2022-08-17T13:24:31+00:00\" \/>\n<meta name=\"twitter:card\" content=\"summary_large_image\" \/>\n<meta name=\"twitter:label1\" content=\"Tiempo de lectura\" \/>\n\t<meta name=\"twitter:data1\" content=\"3 minutos\" \/>\n<script type=\"application\/ld+json\" class=\"yoast-schema-graph\">{\"@context\":\"https:\/\/schema.org\",\"@graph\":[{\"@type\":\"WebPage\",\"@id\":\"https:\/\/www.alzheimerdeconil.es\/index.php\/politica-de-privacidad\/\",\"url\":\"https:\/\/www.alzheimerdeconil.es\/index.php\/politica-de-privacidad\/\",\"name\":\"Pol\u00edtica de privacidad - A.F.A Conil\",\"isPartOf\":{\"@id\":\"https:\/\/www.alzheimerdeconil.es\/#website\"},\"datePublished\":\"2022-08-17T11:16:56+00:00\",\"dateModified\":\"2022-08-17T13:24:31+00:00\",\"breadcrumb\":{\"@id\":\"https:\/\/www.alzheimerdeconil.es\/index.php\/politica-de-privacidad\/#breadcrumb\"},\"inLanguage\":\"es\",\"potentialAction\":[{\"@type\":\"ReadAction\",\"target\":[\"https:\/\/www.alzheimerdeconil.es\/index.php\/politica-de-privacidad\/\"]}]},{\"@type\":\"BreadcrumbList\",\"@id\":\"https:\/\/www.alzheimerdeconil.es\/index.php\/politica-de-privacidad\/#breadcrumb\",\"itemListElement\":[{\"@type\":\"ListItem\",\"position\":1,\"name\":\"Portada\",\"item\":\"https:\/\/www.alzheimerdeconil.es\/\"},{\"@type\":\"ListItem\",\"position\":2,\"name\":\"Pol\u00edtica de privacidad\"}]},{\"@type\":\"WebSite\",\"@id\":\"https:\/\/www.alzheimerdeconil.es\/#website\",\"url\":\"https:\/\/www.alzheimerdeconil.es\/\",\"name\":\"A.F.A Conil\",\"description\":\"Asociaci\u00f3n de familiares de enfermos de Alzheimer Conil\",\"potentialAction\":[{\"@type\":\"SearchAction\",\"target\":{\"@type\":\"EntryPoint\",\"urlTemplate\":\"https:\/\/www.alzheimerdeconil.es\/?s={search_term_string}\"},\"query-input\":{\"@type\":\"PropertyValueSpecification\",\"valueRequired\":true,\"valueName\":\"search_term_string\"}}],\"inLanguage\":\"es\"}]}<\/script>\n<!-- \/ Yoast SEO plugin. -->","yoast_head_json":{"title":"Pol\u00edtica de privacidad - A.F.A Conil","robots":{"index":"index","follow":"follow","max-snippet":"max-snippet:-1","max-image-preview":"max-image-preview:large","max-video-preview":"max-video-preview:-1"},"canonical":"https:\/\/www.alzheimerdeconil.es\/index.php\/politica-de-privacidad\/","og_locale":"es_ES","og_type":"article","og_title":"Pol\u00edtica de privacidad - A.F.A Conil","og_url":"https:\/\/www.alzheimerdeconil.es\/index.php\/politica-de-privacidad\/","og_site_name":"A.F.A Conil","article_modified_time":"2022-08-17T13:24:31+00:00","twitter_card":"summary_large_image","twitter_misc":{"Tiempo de lectura":"3 minutos"},"schema":{"@context":"https:\/\/schema.org","@graph":[{"@type":"WebPage","@id":"https:\/\/www.alzheimerdeconil.es\/index.php\/politica-de-privacidad\/","url":"https:\/\/www.alzheimerdeconil.es\/index.php\/politica-de-privacidad\/","name":"Pol\u00edtica de privacidad - A.F.A Conil","isPartOf":{"@id":"https:\/\/www.alzheimerdeconil.es\/#website"},"datePublished":"2022-08-17T11:16:56+00:00","dateModified":"2022-08-17T13:24:31+00:00","breadcrumb":{"@id":"https:\/\/www.alzheimerdeconil.es\/index.php\/politica-de-privacidad\/#breadcrumb"},"inLanguage":"es","potentialAction":[{"@type":"ReadAction","target":["https:\/\/www.alzheimerdeconil.es\/index.php\/politica-de-privacidad\/"]}]},{"@type":"BreadcrumbList","@id":"https:\/\/www.alzheimerdeconil.es\/index.php\/politica-de-privacidad\/#breadcrumb","itemListElement":[{"@type":"ListItem","position":1,"name":"Portada","item":"https:\/\/www.alzheimerdeconil.es\/"},{"@type":"ListItem","position":2,"name":"Pol\u00edtica de privacidad"}]},{"@type":"WebSite","@id":"https:\/\/www.alzheimerdeconil.es\/#website","url":"https:\/\/www.alzheimerdeconil.es\/","name":"A.F.A Conil","description":"Asociaci\u00f3n de familiares de enfermos de Alzheimer Conil","potentialAction":[{"@type":"SearchAction","target":{"@type":"EntryPoint","urlTemplate":"https:\/\/www.alzheimerdeconil.es\/?s={search_term_string}"},"query-input":{"@type":"PropertyValueSpecification","valueRequired":true,"valueName":"search_term_string"}}],"inLanguage":"es"}]}},"_links":{"self":[{"href":"https:\/\/www.alzheimerdeconil.es\/index.php\/wp-json\/wp\/v2\/pages\/1131","targetHints":{"allow":["GET"]}}],"collection":[{"href":"https:\/\/www.alzheimerdeconil.es\/index.php\/wp-json\/wp\/v2\/pages"}],"about":[{"href":"https:\/\/www.alzheimerdeconil.es\/index.php\/wp-json\/wp\/v2\/types\/page"}],"author":[{"embeddable":true,"href":"https:\/\/www.alzheimerdeconil.es\/index.php\/wp-json\/wp\/v2\/users\/1"}],"replies":[{"embeddable":true,"href":"https:\/\/www.alzheimerdeconil.es\/index.php\/wp-json\/wp\/v2\/comments?post=1131"}],"version-history":[{"count":4,"href":"https:\/\/www.alzheimerdeconil.es\/index.php\/wp-json\/wp\/v2\/pages\/1131\/revisions"}],"predecessor-version":[{"id":1142,"href":"https:\/\/www.alzheimerdeconil.es\/index.php\/wp-json\/wp\/v2\/pages\/1131\/revisions\/1142"}],"wp:attachment":[{"href":"https:\/\/www.alzheimerdeconil.es\/index.php\/wp-json\/wp\/v2\/media?parent=1131"}],"curies":[{"name":"wp","href":"https:\/\/api.w.org\/{rel}","templated":true}]}}